[INFO] cloning repository https://github.com/AldanTanneo/simple-raytracer
[INFO] running `Command { std: "git" "-c" "credential.helper=" "-c" "credential.helper=/workspace/cargo-home/bin/git-credential-null" "clone" "--bare" "https://github.com/AldanTanneo/simple-raytracer" "/workspace/cache/git-repos/https%3A%2F%2Fgithub.com%2FAldanTanneo%2Fsimple-raytracer", kill_on_drop: false }`
[INFO] [stderr] Cloning into bare repository '/workspace/cache/git-repos/https%3A%2F%2Fgithub.com%2FAldanTanneo%2Fsimple-raytracer'...
[INFO] running `Command { std: "git" "rev-parse" "HEAD", kill_on_drop: false }`
[INFO] [stdout] fdd7aeed4757fe2248356d0e6bd2a36eab5a54e1
[INFO] checking AldanTanneo/simple-raytracer against master#9610dfe5a9a731ced1ea4923ecbd0c57fe367898 for beta-170-4
[INFO] running `Command { std: "git" "clone" "/workspace/cache/git-repos/https%3A%2F%2Fgithub.com%2FAldanTanneo%2Fsimple-raytracer" "/workspace/builds/worker-6-tc1/source", kill_on_drop: false }`
[INFO] [stderr] Cloning into '/workspace/builds/worker-6-tc1/source'...
[INFO] [stderr] done.
[INFO] validating manifest of git repo https://github.com/AldanTanneo/simple-raytracer on toolchain 9610dfe5a9a731ced1ea4923ecbd0c57fe367898
[INFO] running `Command { std: CARGO_HOME="/workspace/cargo-home" RUSTUP_HOME="/workspace/rustup-home" "/workspace/cargo-home/bin/cargo" "+9610dfe5a9a731ced1ea4923ecbd0c57fe367898" "metadata" "--manifest-path" "Cargo.toml" "--no-deps", kill_on_drop: false }`
[INFO] removed /workspace/builds/worker-6-tc1/source/rust-toolchain.toml
[INFO] started tweaking git repo https://github.com/AldanTanneo/simple-raytracer
[INFO] finished tweaking git repo https://github.com/AldanTanneo/simple-raytracer
[INFO] tweaked toml for git repo https://github.com/AldanTanneo/simple-raytracer written to /workspace/builds/worker-6-tc1/source/Cargo.toml
[INFO] running `Command { std: CARGO_HOME="/workspace/cargo-home" RUSTUP_HOME="/workspace/rustup-home" __CARGO_TEST_CHANNEL_OVERRIDE_DO_NOT_USE_THIS="nightly" "/workspace/cargo-home/bin/cargo" "+9610dfe5a9a731ced1ea4923ecbd0c57fe367898" "generate-lockfile" "--manifest-path" "Cargo.toml" "-Zno-index-update", kill_on_drop: false }`
[INFO] running `Command { std: CARGO_HOME="/workspace/cargo-home" RUSTUP_HOME="/workspace/rustup-home" "/workspace/cargo-home/bin/cargo" "+9610dfe5a9a731ced1ea4923ecbd0c57fe367898" "fetch" "--manifest-path" "Cargo.toml", kill_on_drop: false }`
[INFO] running `Command { std: "docker" "create" "-v" "/var/lib/crater-agent-workspace/builds/worker-6-tc1/target:/opt/rustwide/target:rw,Z" "-v" "/var/lib/crater-agent-workspace/builds/worker-6-tc1/source:/opt/rustwide/workdir:ro,Z" "-v" "/var/lib/crater-agent-workspace/cargo-home:/opt/rustwide/cargo-home:ro,Z" "-v" "/var/lib/crater-agent-workspace/rustup-home:/opt/rustwide/rustup-home:ro,Z" "-e" "SOURCE_DIR=/opt/rustwide/workdir" "-e" "CARGO_TARGET_DIR=/opt/rustwide/target" "-e" "CARGO_HOME=/opt/rustwide/cargo-home" "-e" "RUSTUP_HOME=/opt/rustwide/rustup-home" "-w" "/opt/rustwide/workdir" "-m" "1610612736" "--user" "0:0" "--network" "none" "ghcr.io/rust-lang/crates-build-env/linux@sha256:19e73879b68f455e41552ea35293514db52ea292d993f571636dbffedb77a1ee" "/opt/rustwide/cargo-home/bin/cargo" "+9610dfe5a9a731ced1ea4923ecbd0c57fe367898" "metadata" "--no-deps" "--format-version=1", kill_on_drop: false }`
[INFO] [stdout] 8af932b0acf7264216368c72922a0221d197ef8b0cf4cf7c129e9f1f29dc827e
[INFO] running `Command { std: "docker" "start" "-a" "8af932b0acf7264216368c72922a0221d197ef8b0cf4cf7c129e9f1f29dc827e", kill_on_drop: false }`
[INFO] running `Command { std: "docker" "inspect" "8af932b0acf7264216368c72922a0221d197ef8b0cf4cf7c129e9f1f29dc827e", kill_on_drop: false }`
[INFO] running `Command { std: "docker" "rm" "-f" "8af932b0acf7264216368c72922a0221d197ef8b0cf4cf7c129e9f1f29dc827e", kill_on_drop: false }`
[INFO] [stdout] 8af932b0acf7264216368c72922a0221d197ef8b0cf4cf7c129e9f1f29dc827e
[INFO] running `Command { std: "docker" "create" "-v" "/var/lib/crater-agent-workspace/builds/worker-6-tc1/target:/opt/rustwide/target:rw,Z" "-v" "/var/lib/crater-agent-workspace/builds/worker-6-tc1/source:/opt/rustwide/workdir:ro,Z" "-v" "/var/lib/crater-agent-workspace/cargo-home:/opt/rustwide/cargo-home:ro,Z" "-v" "/var/lib/crater-agent-workspace/rustup-home:/opt/rustwide/rustup-home:ro,Z" "-e" "SOURCE_DIR=/opt/rustwide/workdir" "-e" "CARGO_TARGET_DIR=/opt/rustwide/target" "-e" "CARGO_INCREMENTAL=0" "-e" "RUST_BACKTRACE=full" "-e" "RUSTFLAGS=--cap-lints=forbid" "-e" "RUSTDOCFLAGS=--cap-lints=forbid" "-e" "CARGO_HOME=/opt/rustwide/cargo-home" "-e" "RUSTUP_HOME=/opt/rustwide/rustup-home" "-w" "/opt/rustwide/workdir" "-m" "1610612736" "--user" "0:0" "--network" "none" "ghcr.io/rust-lang/crates-build-env/linux@sha256:19e73879b68f455e41552ea35293514db52ea292d993f571636dbffedb77a1ee" "/opt/rustwide/cargo-home/bin/cargo" "+9610dfe5a9a731ced1ea4923ecbd0c57fe367898" "check" "--frozen" "--all" "--all-targets" "--message-format=json", kill_on_drop: false }`
[INFO] [stdout] 416ce9f1f0b2850e67af174035278625f21c5d466179694c2e60467d7d8a87c3
[INFO] running `Command { std: "docker" "start" "-a" "416ce9f1f0b2850e67af174035278625f21c5d466179694c2e60467d7d8a87c3", kill_on_drop: false }`
[INFO] [stderr]    Compiling crossbeam-utils v0.8.15
[INFO] [stderr]    Compiling memoffset v0.8.0
[INFO] [stderr]    Compiling crossbeam-epoch v0.9.14
[INFO] [stderr]    Compiling libm v0.2.7
[INFO] [stderr]    Compiling num-traits v0.2.15
[INFO] [stderr]    Compiling rayon-core v1.11.0
[INFO] [stderr]     Checking either v1.8.1
[INFO] [stderr]     Checking ppv-lite86 v0.2.17
[INFO] [stderr]     Checking num_cpus v1.15.0
[INFO] [stderr]     Checking getrandom v0.2.9
[INFO] [stderr]     Checking os_str_bytes v6.5.0
[INFO] [stderr]     Checking regex-syntax v0.7.2
[INFO] [stderr]     Checking console v0.15.7
[INFO] [stderr]     Checking atty v0.2.14
[INFO] [stderr]     Checking base64 v0.13.1
[INFO] [stderr]     Checking textwrap v0.16.0
[INFO] [stderr]     Checking number_prefix v0.4.0
[INFO] [stderr]     Checking rand_core v0.6.4
[INFO] [stderr]     Checking clap_lex v0.2.4
[INFO] [stderr]     Checking ron v0.6.6
[INFO] [stderr]     Checking clap v3.2.25
[INFO] [stderr]     Checking rand_chacha v0.3.1
[INFO] [stderr]     Checking rand v0.8.5
[INFO] [stderr]     Checking crossbeam-channel v0.5.8
[INFO] [stderr]     Checking crossbeam-deque v0.8.3
[INFO] [stderr]     Checking regex v1.8.3
[INFO] [stderr]     Checking rayon v1.7.0
[INFO] [stderr]     Checking num-integer v0.1.45
[INFO] [stderr]     Checking rand_distr v0.4.3
[INFO] [stderr]     Checking num-iter v0.1.43
[INFO] [stderr]     Checking num-rational v0.3.2
[INFO] [stderr]     Checking jpeg-decoder v0.1.22
[INFO] [stderr]     Checking indicatif v0.16.2
[INFO] [stderr]     Checking tiff v0.6.1
[INFO] [stderr]     Checking image v0.23.14
[INFO] [stderr]     Checking simple-raytracer v0.1.0 (/opt/rustwide/workdir)
[INFO] [stdout] error[E0432]: unresolved import `clap::Clap`
[INFO] [stdout]  --> src/command_line_interface.rs:4:25
[INFO] [stdout]   |
[INFO] [stdout] 4 | use clap::{AppSettings, Clap, ValueHint};
[INFO] [stdout]   |                         ^^^^ no `Clap` in the root
[INFO] [stdout] 
[INFO] [stdout] 
[INFO] [stdout] error[E0432]: unresolved import `clap::Clap`
[INFO] [stdout]   --> src/main.rs:14:5
[INFO] [stdout]    |
[INFO] [stdout] 14 | use clap::Clap;
[INFO] [stdout]    |     ^^^^^^^^^^ no `Clap` in the root
[INFO] [stdout] 
[INFO] [stdout] 
[INFO] [stdout] error: cannot determine resolution for the derive macro `Clap`
[INFO] [stdout]   --> src/command_line_interface.rs:12:10
[INFO] [stdout]    |
[INFO] [stdout] 12 | #[derive(Clap)]
[INFO] [stdout]    |          ^^^^
[INFO] [stdout]    |
[INFO] [stdout]    = note: import resolution is stuck, try simplifying macro imports
[INFO] [stdout] 
[INFO] [stdout] 
[INFO] [stdout] error: cannot find attribute `clap` in this scope
[INFO] [stdout]   --> src/command_line_interface.rs:13:3
[INFO] [stdout]    |
[INFO] [stdout] 13 | #[clap(version = "1.0", author = "César Sagaert <sagaert.cesar@gmail.com>")]
[INFO] [stdout]    |   ^^^^
[INFO] [stdout]    |
[INFO] [stdout]    = note: `clap` is in scope, but it is a crate, not an attribute
[INFO] [stdout] 
[INFO] [stdout] 
[INFO] [stdout] error[E0432]: unresolved import `clap::Clap`
[INFO] [stdout]  --> src/command_line_interface.rs:4:25
[INFO] [stdout]   |
[INFO] [stdout] 4 | use clap::{AppSettings, Clap, ValueHint};
[INFO] [stdout]   |                         ^^^^ no `Clap` in the root
[INFO] [stdout] 
[INFO] [stdout] 
[INFO] [stdout] error[E0432]: unresolved import `clap::Clap`
[INFO] [stdout]   --> src/main.rs:14:5
[INFO] [stdout]    |
[INFO] [stdout] 14 | use clap::Clap;
[INFO] [stdout]    |     ^^^^^^^^^^ no `Clap` in the root
[INFO] [stdout] 
[INFO] [stdout] 
[INFO] [stdout] error: cannot find attribute `clap` in this scope
[INFO] [stdout]   --> src/command_line_interface.rs:14:3
[INFO] [stdout]    |
[INFO] [stdout] 14 | #[clap(setting = AppSettings::ColoredHelp)]
[INFO] [stdout]    |   ^^^^
[INFO] [stdout]    |
[INFO] [stdout]    = note: `clap` is in scope, but it is a crate, not an attribute
[INFO] [stdout] 
[INFO] [stdout] 
[INFO] [stdout] error: cannot determine resolution for the derive macro `Clap`
[INFO] [stdout]   --> src/command_line_interface.rs:12:10
[INFO] [stdout]    |
[INFO] [stdout] 12 | #[derive(Clap)]
[INFO] [stdout]    |          ^^^^
[INFO] [stdout]    |
[INFO] [stdout]    = note: import resolution is stuck, try simplifying macro imports
[INFO] [stdout] 
[INFO] [stdout] 
[INFO] [stdout] error: cannot find attribute `clap` in this scope
[INFO] [stdout]   --> src/command_line_interface.rs:15:3
[INFO] [stdout]    |
[INFO] [stdout] 15 | #[clap(setting = AppSettings::ArgRequiredElseHelp)]
[INFO] [stdout]    |   ^^^^
[INFO] [stdout]    |
[INFO] [stdout]    = note: `clap` is in scope, but it is a crate, not an attribute
[INFO] [stdout] 
[INFO] [stdout] 
[INFO] [stdout] error: cannot find attribute `clap` in this scope
[INFO] [stdout]   --> src/command_line_interface.rs:20:11
[INFO] [stdout]    |
[INFO] [stdout] 20 |         #[clap(parse(from_os_str), value_hint = ValueHint::FilePath)]
[INFO] [stdout]    |           ^^^^
[INFO] [stdout]    |
[INFO] [stdout]    = note: `clap` is in scope, but it is a crate, not an attribute
[INFO] [stdout] 
[INFO] [stdout] 
[INFO] [stdout] error: cannot find attribute `clap` in this scope
[INFO] [stdout]   --> src/command_line_interface.rs:23:11
[INFO] [stdout]    |
[INFO] [stdout] 23 |         #[clap(short, long, parse(from_os_str), value_hint = ValueHint::FilePath)]
[INFO] [stdout]    |           ^^^^
[INFO] [stdout]    |
[INFO] [stdout]    = note: `clap` is in scope, but it is a crate, not an attribute
[INFO] [stdout] 
[INFO] [stdout] 
[INFO] [stdout] error: cannot find attribute `clap` in this scope
[INFO] [stdout]   --> src/command_line_interface.rs:13:3
[INFO] [stdout]    |
[INFO] [stdout] 13 | #[clap(version = "1.0", author = "César Sagaert <sagaert.cesar@gmail.com>")]
[INFO] [stdout]    |   ^^^^
[INFO] [stdout]    |
[INFO] [stdout]    = note: `clap` is in scope, but it is a crate, not an attribute
[INFO] [stdout] 
[INFO] [stdout] 
[INFO] [stdout] error: cannot find attribute `clap` in this scope
[INFO] [stdout]   --> src/command_line_interface.rs:26:11
[INFO] [stdout]    |
[INFO] [stdout] 26 |         #[clap(short, long)]
[INFO] [stdout]    |           ^^^^
[INFO] [stdout]    |
[INFO] [stdout]    = note: `clap` is in scope, but it is a crate, not an attribute
[INFO] [stdout] 
[INFO] [stdout] 
[INFO] [stdout] error: cannot find attribute `clap` in this scope
[INFO] [stdout]   --> src/command_line_interface.rs:32:11
[INFO] [stdout]    |
[INFO] [stdout] 32 |         #[clap(short, long, default_value = "random_scene.png", parse(from_os_str), value_hint = ValueHint::FilePath)]
[INFO] [stdout]    |           ^^^^
[INFO] [stdout]    |
[INFO] [stdout]    = note: `clap` is in scope, but it is a crate, not an attribute
[INFO] [stdout] 
[INFO] [stdout] 
[INFO] [stdout] error: cannot find attribute `clap` in this scope
[INFO] [stdout]   --> src/command_line_interface.rs:14:3
[INFO] [stdout]    |
[INFO] [stdout] 14 | #[clap(setting = AppSettings::ColoredHelp)]
[INFO] [stdout]    |   ^^^^
[INFO] [stdout]    |
[INFO] [stdout]    = note: `clap` is in scope, but it is a crate, not an attribute
[INFO] [stdout] 
[INFO] [stdout] 
[INFO] [stdout] error: cannot find attribute `clap` in this scope
[INFO] [stdout]   --> src/command_line_interface.rs:35:11
[INFO] [stdout]    |
[INFO] [stdout] 35 |         #[clap(long, parse(from_os_str), value_hint = ValueHint::FilePath)]
[INFO] [stdout]    |           ^^^^
[INFO] [stdout]    |
[INFO] [stdout]    = note: `clap` is in scope, but it is a crate, not an attribute
[INFO] [stdout] 
[INFO] [stdout] 
[INFO] [stdout] error: cannot find attribute `clap` in this scope
[INFO] [stdout]   --> src/command_line_interface.rs:38:11
[INFO] [stdout]    |
[INFO] [stdout] 38 |         #[clap(long)]
[INFO] [stdout]    |           ^^^^
[INFO] [stdout]    |
[INFO] [stdout]    = note: `clap` is in scope, but it is a crate, not an attribute
[INFO] [stdout] 
[INFO] [stdout] 
[INFO] [stdout] error: cannot find attribute `clap` in this scope
[INFO] [stdout]   --> src/command_line_interface.rs:15:3
[INFO] [stdout]    |
[INFO] [stdout] 15 | #[clap(setting = AppSettings::ArgRequiredElseHelp)]
[INFO] [stdout]    |   ^^^^
[INFO] [stdout]    |
[INFO] [stdout]    = note: `clap` is in scope, but it is a crate, not an attribute
[INFO] [stdout] 
[INFO] [stdout] 
[INFO] [stdout] error: cannot find attribute `clap` in this scope
[INFO] [stdout]   --> src/command_line_interface.rs:41:11
[INFO] [stdout]    |
[INFO] [stdout] 41 |         #[clap(short, long)]
[INFO] [stdout]    |           ^^^^
[INFO] [stdout]    |
[INFO] [stdout]    = note: `clap` is in scope, but it is a crate, not an attribute
[INFO] [stdout] 
[INFO] [stdout] 
[INFO] [stdout] error: cannot find attribute `clap` in this scope
[INFO] [stdout]   --> src/command_line_interface.rs:20:11
[INFO] [stdout]    |
[INFO] [stdout] 20 |         #[clap(parse(from_os_str), value_hint = ValueHint::FilePath)]
[INFO] [stdout]    |           ^^^^
[INFO] [stdout]    |
[INFO] [stdout]    = note: `clap` is in scope, but it is a crate, not an attribute
[INFO] [stdout] 
[INFO] [stdout] 
[INFO] [stdout] error: cannot find attribute `clap` in this scope
[INFO] [stdout]   --> src/command_line_interface.rs:23:11
[INFO] [stdout]    |
[INFO] [stdout] 23 |         #[clap(short, long, parse(from_os_str), value_hint = ValueHint::FilePath)]
[INFO] [stdout]    |           ^^^^
[INFO] [stdout]    |
[INFO] [stdout]    = note: `clap` is in scope, but it is a crate, not an attribute
[INFO] [stdout] 
[INFO] [stdout] 
[INFO] [stdout] error: cannot find attribute `clap` in this scope
[INFO] [stdout]   --> src/command_line_interface.rs:26:11
[INFO] [stdout]    |
[INFO] [stdout] 26 |         #[clap(short, long)]
[INFO] [stdout]    |           ^^^^
[INFO] [stdout]    |
[INFO] [stdout]    = note: `clap` is in scope, but it is a crate, not an attribute
[INFO] [stdout] 
[INFO] [stdout] 
[INFO] [stdout] error: cannot find attribute `clap` in this scope
[INFO] [stdout]   --> src/command_line_interface.rs:32:11
[INFO] [stdout]    |
[INFO] [stdout] 32 |         #[clap(short, long, default_value = "random_scene.png", parse(from_os_str), value_hint = ValueHint::FilePath)]
[INFO] [stdout]    |           ^^^^
[INFO] [stdout]    |
[INFO] [stdout]    = note: `clap` is in scope, but it is a crate, not an attribute
[INFO] [stdout] 
[INFO] [stdout] 
[INFO] [stdout] error: cannot find attribute `clap` in this scope
[INFO] [stdout]   --> src/command_line_interface.rs:35:11
[INFO] [stdout]    |
[INFO] [stdout] 35 |         #[clap(long, parse(from_os_str), value_hint = ValueHint::FilePath)]
[INFO] [stdout]    |           ^^^^
[INFO] [stdout]    |
[INFO] [stdout]    = note: `clap` is in scope, but it is a crate, not an attribute
[INFO] [stdout] 
[INFO] [stdout] 
[INFO] [stdout] error: cannot find attribute `clap` in this scope
[INFO] [stdout]   --> src/command_line_interface.rs:38:11
[INFO] [stdout]    |
[INFO] [stdout] 38 |         #[clap(long)]
[INFO] [stdout]    |           ^^^^
[INFO] [stdout]    |
[INFO] [stdout]    = note: `clap` is in scope, but it is a crate, not an attribute
[INFO] [stdout] 
[INFO] [stdout] 
[INFO] [stdout] error: cannot find attribute `clap` in this scope
[INFO] [stdout]   --> src/command_line_interface.rs:41:11
[INFO] [stdout]    |
[INFO] [stdout] 41 |         #[clap(short, long)]
[INFO] [stdout]    |           ^^^^
[INFO] [stdout]    |
[INFO] [stdout]    = note: `clap` is in scope, but it is a crate, not an attribute
[INFO] [stdout] 
[INFO] [stdout] 
[INFO] [stdout] warning: unused imports: `AppSettings`, `ValueHint`
[INFO] [stdout]  --> src/command_line_interface.rs:4:12
[INFO] [stdout]   |
[INFO] [stdout] 4 | use clap::{AppSettings, Clap, ValueHint};
[INFO] [stdout]   |            ^^^^^^^^^^^        ^^^^^^^^^
[INFO] [stdout]   |
[INFO] [stdout]   = note: `#[warn(unused_imports)]` on by default
[INFO] [stdout] 
[INFO] [stdout] 
[INFO] [stdout] warning: unused imports: `AppSettings`, `ValueHint`
[INFO] [stdout]  --> src/command_line_interface.rs:4:12
[INFO] [stdout]   |
[INFO] [stdout] 4 | use clap::{AppSettings, Clap, ValueHint};
[INFO] [stdout]   |            ^^^^^^^^^^^        ^^^^^^^^^
[INFO] [stdout]   |
[INFO] [stdout]   = note: `#[warn(unused_imports)]` on by default
[INFO] [stdout] 
[INFO] [stdout] 
[INFO] [stdout] error: aborting due to 13 previous errors; 1 warning emitted
[INFO] [stdout] 
[INFO] [stdout] 
[INFO] [stdout] For more information about this error, try `rustc --explain E0432`.
[INFO] [stdout] 
[INFO] [stdout] error: aborting due to 13 previous errors; 1 warning emitted
[INFO] [stdout] 
[INFO] [stdout] 
[INFO] [stdout] For more information about this error, try `rustc --explain E0432`.
[INFO] [stdout] 
[INFO] [stderr] error: could not compile `simple-raytracer` (bin "simple-raytracer") due to 14 previous errors; 1 warning emitted
[INFO] [stderr] warning: build failed, waiting for other jobs to finish...
[INFO] [stderr] error: could not compile `simple-raytracer` (bin "simple-raytracer" test) due to 14 previous errors; 1 warning emitted
[INFO] running `Command { std: "docker" "inspect" "416ce9f1f0b2850e67af174035278625f21c5d466179694c2e60467d7d8a87c3", kill_on_drop: false }`
[INFO] running `Command { std: "docker" "rm" "-f" "416ce9f1f0b2850e67af174035278625f21c5d466179694c2e60467d7d8a87c3", kill_on_drop: false }`
[INFO] [stdout] 416ce9f1f0b2850e67af174035278625f21c5d466179694c2e60467d7d8a87c3
